81?
25
Let r(d) = d - 9. Let v(u) = -u + 10. Let l(b) = -5*r(b) - 4*v(b). What is the remainder when 69 is divided by l(-13)?
15
Let l = 23 - -71. What is the remainder when 467 is divided by l?
91
Let k(h) = 2*h + 16. Let p be k(-5). Suppose -3*j - 2*z = -111, 3*j - 96 = -3*z + p*z. Let a = 16 - -4. Calculate the remainder when j is divided by a.
15
Let o(x) = -2*x**2 - 19*x + 36. Let a be o(-18). What is the remainder when 22 is divided by -4*(-2)/4 + a/(-18)?
5
Suppose -3*q + 9 = -6. Suppose -7*b + 115 - 3 = 0. Calculate the remainder when b/(-56)*154/(-2) is divided by q.
2
Let a = 2 + 2. Let k(m) = m**3 - m**2 + m + 2. Calculate the remainder when a/1 + -3 - -29 is divided by k(2).
6
Let b(k) = -k**3 - 2*k**2 - k + 2. Let v be b(-2). Suppose 10 - 30 = -v*q. Suppose -q*g + 247 = 4*p - 201, 4 = g. What is the remainder when p is divided by 27?
26
Let s(p) = -15*p + 517. Let l(f) = -2*f + 2. Let v be l(2). What is the remainder when s(30) is divided by v/8 + (-186)/(-8)?
21
Let p = 87 - 72. What is the remainder when p is divided by 8?
7
Let k be ((-3)/(-6))/(2/8). Suppose -7*i + 10 = -5*i. Calculate the remainder when i is divided by (-4)/k - -6 - 1.
2
Suppose o + 177 = 5*w, 5*w = -3*o + o + 171. Let i = w + -20. What is the remainder when 44 is divided by i?
14
Let h(t) = -t**3 + 5*t**2 - 4*t + 9. What is the remainder when 80 is divided by h(4)?
8
Suppose -1399*l - 432 = -1408*l. Calculate the remainder when 169 is divided by l.
25
Let h = 59 - 36. Let j = 8 + 109. Let x = -27 + j. What is the remainder when x is divided by h?
21
Let a = 161 - 126. Suppose -3*w + 19 = -11. Calculate the remainder when a is divided by w.
5
Suppose 57 = c + 4*h, 0*h = -3*h + 12. What is the remainder when 80 is divided by c?
39
Suppose -t + 41 - 13 = 5*g, -g - 4 = -t. Suppose -27 = -t*w + 5*w. Suppose 4*u - 14 = 54. What is the remainder when u is divided by w?
8
Let x = -457 + 511. Calculate the remainder when 219 is divided by x.
3
Suppose -191 - 1 = -12*l. Calculate the remainder when 27 is divided by l.
11
Suppose -3*p - 3 = -4*p. Suppose 242 = p*k + 32. Suppose -k = -3*u - 13. Calculate the remainder when u is divided by 5.
4
Suppose 10*x - 344 = 66. Calculate the remainder when 67 is divided by x.
26
Let w(s) = s**3 - 11*s**2 - 12*s + 3. Let g be w(12). Suppose -5 = -x + 4*n + 9, -4*n = g*x + 6. Calculate the remainder when 45 is divided by (x/5)/(2/80).
13
Suppose -7*c + 199 + 214 = 0. Let u = c + -30. Calculate the remainder when u is divided by 14.
1
Let m = 37 - -24. What is the remainder when 241 is divided by m?
58
Let u = -37 + 42. Calculate the remainder when 82 is divided by u.
2
Suppose 43*b - 6127 = 4795. What is the remainder when b is divided by 32?
30
Let a(i) = i**3 - 4*i**2 + 4*i - 8. Let r be a(4). Calculate the remainder when 16 is divided by (6/4)/(2/r).
4
Let h(y) = y**2 + 24*y + 188. Calculate the remainder when h(-15) is divided by 2.
1
Let x be (1 + (-24)/9)*-3. Suppose -4*j + x*w = -81, -4*w = j - 3*j + 48. What is the remainder when j is divided by 5?
4
Suppose u + 30 = 4*u. Suppose i = -i + u. What is the remainder when 2*4/((-8)/(-19)) is divided by i?
4
Let u be (-407)/9 + 7*(-2)/(-63). What is the remainder when (-5 + u/(-10))*-78 is divided by 6?
3
Let t(z) = z**3 + 17*z**2 - 10*z - 29. Let s = 183 - 147. Calculate the remainder when t(-17) is divided by s.
33
Let f(q) = 2*q - 2. Let x = -8 + 8. Suppose x*m = -4*m + 20, 2*a = 2*m + 18. What is the remainder when a is divided by f(5)?
6
Let p(l) = -l**3 - 7*l**2 + 9*l + 22. Calculate the remainder when p(-9) is divided by 12.
7
Let p = -930 + 1096. Calculate the remainder when p is divided by 29.
21
Let h = -8 - -11. Let p be (-3)/(-3)*1*h. Suppose 3 = p*d - 12. Calculate the remainder when 18 is divided by d.
3
Let x = -31 + 31. Suppose x = 3*w - 2*a - 131, 17 = w + 4*a - 50. What is the remainder when w is divided by 17?
13
Suppose 2*z + 4*h - 2332 = 0, -5*h = 4*z - 2*h - 4644. What is the remainder when z is divided by 43?
40
Suppose 3*a = a + 18. Let k(u) = -u**2 + 10*u + 7. Suppose -j + 40 = 2*d + 2*d, 2*j - 44 = -4*d. What is the remainder when k(a) is divided by d?
7
Let v(x) = x**3 - 18*x**2 + 24*x - 42. What is the remainder when v(17) is divided by 20?
17
Suppose -4*b = -4*d - 45 - 583, -161 = -b + 2*d. Calculate the remainder when b is divided by 13.
10
Let f(s) = 28*s**2 + 39*s + 5. Calculate the remainder when f(-2) is divided by 11.
6
Suppose l + 5 = 0, -3*h = -2*h - 2*l - 281. Let x = h - 133. What is the remainder when x is divided by 35?
33
What is the remainder when 109 is divided by (-1258)/51*(-3)/2?
35
Let n = -21 - -42. Let q = 215 - 211. What is the remainder when 7 is divided by (n + -6)*q/10?
1
What is the remainder when 118 is divided by 26/2 - 6 - -1?
6
Suppose -5*d + 0 = -5. Let l be (1 - (-39)/(-21))/((-21)/98). What is the remainder when d/(-2) + 86/l is divided by 12?
9
Let t = -66 - -115. Suppose -10*z + 31 = -t. Let u(c) = c - 1. Calculate the remainder when z is divided by u(5).
0
Let u = -73 - -78. Suppose g + 4 = d - 0*g, -5*d - u*g = -30. Calculate the remainder when 11 is divided by d.
1
Let h(n) = -150*n - 1022. Let j(a) = 17*a + 7. What is the remainder when j(6) is divided by h(-7)?
25
Suppose 0*p + 2*p - 8 = 5*d, d = 2*p. What is the remainder when (7/d)/(315/80 - 4) is divided by 19?
18
Let l be (12/(-10))/((-1)/30). Let v = l + -15. Suppose 5*f - 16 = -2*i, -f = -4*i - 5*f + 32. What is the remainder when v is divided by i?
5
Let j = -143 - -133. Let f(t) = -9*t - 44. Calculate the remainder when 136 is divided by f(j).
44
Let s = 12 - 4. Let n = s - 5. Suppose n*c - 17 = -5. What is the remainder when 11 is divided by c?
3
Suppose -2*l = -n - 116, -6*l + 4*l - 2*n = -128. What is the remainder when 116 is divided by l?
56
Let m = 49 - 44. Suppose 0 + 15 = m*b. What is the remainder when (-2)/7 + (-400)/(-28) is divided by b?
2
Suppose 5*s = s + 200. Calculate the remainder when -4 + (4 - 6 - -204) is divided by s.
48
Let y be (-50)/18 - (-20)/(-90). Let z be 3 + 1 + (-5 - y). Suppose z*f + 3*v = 30, 2*f - 4*v + 7 = f. Calculate the remainder when 26 is divided by f.
8
Suppose 5*a - 17 = 13. Calculate the remainder when a/4 + 30/20 is divided by 1.
0
Let w = 17 - 8. Suppose 10 = -2*k - 3*a, a = -0*k - 5*k + 1. What is the remainder when w/7 + (-6)/21 is divided by k?
0
Suppose -2*x + 4*x - 20 = 0. Suppose 4*m - x = 226. Calculate the remainder when m is divided by 14/(-49) - (-172)/14.
11
Suppose -3*z + 295 = -o, -2*z = -6*z + 3*o + 385. What is the remainder when 195 is divided by z?
95
Suppose -2*c + 4*r + 4 = -0*c, 10 = 5*c + 5*r. Suppose -6*p = c*p - 944. What is the remainder when p is divided by 12?
10
Let o = 149 + -144. Calculate the remainder when 13 is divided by o.
3
Let i(t) = 2*t**2 - 12*t + 21. Let m be i(9). Suppose m + 61 = 8*q. What is the remainder when 49 is divided by q?
15
Let b(w) = w**2 + 3*w + 24. Suppose c - 11 = -h, 2*c + 4*h = -0*h + 18. What is the remainder when b(0) is divided by c?
11
Let m(o) = 2*o**3 - 10*o**2 - 13*o + 26. What is the remainder when 1197 is divided by m(6)?
17
Suppose 2*n = n - 23. Calculate the remainder when ((-1)/3)/(n/5313) is divided by 20.
17
Let s(k) = k**2 - 32*k + 192. Calculate the remainder when 88 is divided by s(26).
16
Let x(l) = 4*l + 26. Let p be x(-6). Suppose -4*k - p*n + 140 = 0, 3*k - 3*n - 72 - 15 = 0. What is the remainder when k is divided by 9?
6
Calculate the remainder when 57 is divided by (6/(-9))/(6/(-153)).
6
Suppose -4*q + 1991 = -4*a - 1469, -2*q = 4*a - 1748. What is the remainder when q is divided by 15?
13
Let k = 38 + -48. What is the remainder when 7 is divided by (-10)/3*((-84)/k)/(-7)?
3
Let k(s) = 4*s - 10. Let i be k(4). Suppose 4*u = i*u - 36. Calculate the remainder when 51 is divided by u.
15
Suppose -o + 0*i + 12 = -3*i, 2*i + 2 = 0. Let v be (o/(-27))/((-2)/(-18)). Let r(j) = j**2 - 2*j - 2. What is the remainder when 36 is divided by r(v)?
10
Let h(s) be the second derivative of 14*s**3/3 + s**2/2 + 4*s. Suppose -90 = -3*t + i, t - 3*t + 49 = 3*i. What is the remainder when h(3) is divided by t?
27
Let y(h) = -3*h**2 - 23*h. Let f be y(-9). Let i = 55 + f. Suppose 3*q = -2*w + 3*w - 72, -3*q = -2*w + 144. What is the remainder whe